{"id":8,"date":"2025-05-25T20:15:23","date_gmt":"2025-05-25T18:15:23","guid":{"rendered":"http:\/\/esprittrailvincennes.fr\/?page_id=8"},"modified":"2026-02-21T20:39:22","modified_gmt":"2026-02-21T19:39:22","slug":"le-bureau","status":"publish","type":"page","link":"https:\/\/esprittrailvincennes.fr\/index.php\/le-bureau\/","title":{"rendered":"Le Bureau"},"content":{"rendered":"\t\t<div data-elementor-type=\"wp-page\" data-elementor-id=\"8\" class=\"elementor elementor-8\">\n\t\t\t\t<div class=\"elementor-element elementor-element-2f2b5da e-flex e-con-boxed e-con e-parent\" data-id=\"2f2b5da\" data-element_type=\"container\">\n\t\t\t\t\t<div class=\"e-con-inner\">\n\t\t\t\t<div class=\"elementor-element elementor-element-ab304a4 elementor-widget elementor-widget-heading\" data-id=\"ab304a4\" data-element_type=\"widget\" data-widget_type=\"heading.default\">\n\t\t\t\t<div class=\"elementor-widget-container\">\n\t\t\t\t\t<h2 class=\"elementor-heading-title elementor-size-default\">Le Bureau<\/h2>\t\t\t\t<\/div>\n\t\t\t\t<\/div>\n\t\t\t\t\t<\/div>\n\t\t\t\t<\/div>\n\t\t<div class=\"elementor-element elementor-element-757ea3b e-grid e-con-boxed e-con e-parent\" data-id=\"757ea3b\" data-element_type=\"container\">\n\t\t\t\t\t<div class=\"e-con-inner\">\n\t\t\t\t<div class=\"elementor-element elementor-element-4090cfe elementor-widget elementor-widget-image\" data-id=\"4090cfe\" data-element_type=\"widget\" data-widget_type=\"image.default\">\n\t\t\t\t<div class=\"elementor-widget-container\">\n\t\t\t\t\t\t\t\t\t\t\t\t\t\t\t<img decoding=\"async\" src=\"https:\/\/esprittrailvincennes.fr\/wp-content\/uploads\/elementor\/thumbs\/unnamed-r8jq9oewsoxeb7s1v1py85hyefxj6u7muv7oiim4b4.jpg\" title=\"unnamed\" alt=\"unnamed\" loading=\"lazy\" \/>\t\t\t\t\t\t\t\t\t\t\t\t\t\t\t<\/div>\n\t\t\t\t<\/div>\n\t\t\t\t<div class=\"elementor-element elementor-element-c8755fe elementor-widget elementor-widget-text-editor\" data-id=\"c8755fe\" data-element_type=\"widget\" data-widget_type=\"text-editor.default\">\n\t\t\t\t<div class=\"elementor-widget-container\">\n\t\t\t\t\t\t\t\t\t<p dir=\"ltr\">Emmanuel &#8211; <strong>Pr\u00e9sident<\/strong><\/p><p dir=\"ltr\">Pratiquant une dizaine de trail par an du 30km au 340km, vice-champion d&rsquo;IDF trail master, il est passionn\u00e9 par la nature et jamais avare d&rsquo;efforts. Il saura vous partager ses pr\u00e9cieux conseils.<\/p>\t\t\t\t\t\t\t\t<\/div>\n\t\t\t\t<\/div>\n\t\t\t\t<div class=\"elementor-element elementor-element-2940a45 elementor-widget elementor-widget-image\" data-id=\"2940a45\" data-element_type=\"widget\" data-widget_type=\"image.default\">\n\t\t\t\t<div class=\"elementor-widget-container\">\n\t\t\t\t\t\t\t\t\t\t\t\t\t\t\t<img decoding=\"async\" src=\"https:\/\/esprittrailvincennes.fr\/wp-content\/uploads\/elementor\/thumbs\/unnamed3-scaled-e1752140523917-r8jqc8j3egfhx028x5je0i94m7bi56dbvj59jmtjdc.jpg\" title=\"unnamed3\" alt=\"unnamed3\" loading=\"lazy\" \/>\t\t\t\t\t\t\t\t\t\t\t\t\t\t\t<\/div>\n\t\t\t\t<\/div>\n\t\t\t\t<div class=\"elementor-element elementor-element-c7437e9 elementor-widget elementor-widget-text-editor\" data-id=\"c7437e9\" data-element_type=\"widget\" data-widget_type=\"text-editor.default\">\n\t\t\t\t<div class=\"elementor-widget-container\">\n\t\t\t\t\t\t\t\t\t<p dir=\"ltr\">Pierre-Yves &#8211; <strong>Vice-Pr\u00e9sident<\/strong><\/p>\n<p dir=\"ltr\">Toujours enthousiaste pour chausser ses baskets et gambader en nature, Pierre-Yves a toujours une blague dans son sac (de trail) qui vous fera voir la vie en couleurs.<\/p>\t\t\t\t\t\t\t\t<\/div>\n\t\t\t\t<\/div>\n\t\t\t\t<div class=\"elementor-element elementor-element-1a295eb elementor-widget elementor-widget-image\" data-id=\"1a295eb\" data-element_type=\"widget\" data-widget_type=\"image.default\">\n\t\t\t\t<div class=\"elementor-widget-container\">\n\t\t\t\t\t\t\t\t\t\t\t\t\t\t\t<img decoding=\"async\" src=\"https:\/\/esprittrailvincennes.fr\/wp-content\/uploads\/elementor\/thumbs\/IMG_2756-scaled-e1752140844319-r8jqkm9ac9wjftvyz9ymqw43aw0bs0n610k4lge5w0.jpg\" title=\"IMG_2756\" alt=\"IMG_2756\" loading=\"lazy\" \/>\t\t\t\t\t\t\t\t\t\t\t\t\t\t\t<\/div>\n\t\t\t\t<\/div>\n\t\t\t\t<div class=\"elementor-element elementor-element-07ce692 elementor-widget elementor-widget-text-editor\" data-id=\"07ce692\" data-element_type=\"widget\" data-widget_type=\"text-editor.default\">\n\t\t\t\t<div class=\"elementor-widget-container\">\n\t\t\t\t\t\t\t\t\t<p dir=\"ltr\">Esther &#8211;<strong>\u00a0Secr\u00e9taire G\u00e9n\u00e9rale<\/strong><\/p><p dir=\"ltr\">Tr\u00e8s impliqu\u00e9e dans la vie associative \u00e0 ETV et ailleurs, Esther accompagne en particulier les pratiquantes qui souhaitent d\u00e9couvrir la discipline.<\/p><p dir=\"ltr\">\u00a0<\/p>\t\t\t\t\t\t\t\t<\/div>\n\t\t\t\t<\/div>\n\t\t\t\t<div class=\"elementor-element elementor-element-4e9b603 elementor-widget elementor-widget-image\" data-id=\"4e9b603\" data-element_type=\"widget\" data-widget_type=\"image.default\">\n\t\t\t\t<div class=\"elementor-widget-container\">\n\t\t\t\t\t\t\t\t\t\t\t\t\t\t\t<img decoding=\"async\" src=\"https:\/\/esprittrailvincennes.fr\/wp-content\/uploads\/elementor\/thumbs\/unnamed-2-e1752140494579-r8jqbh9rw9e6kb5ucbr7i74re11uxyd43s86mlxyds.jpg\" title=\"unnamed 2\" alt=\"unnamed 2\" loading=\"lazy\" \/>\t\t\t\t\t\t\t\t\t\t\t\t\t\t\t<\/div>\n\t\t\t\t<\/div>\n\t\t\t\t<div class=\"elementor-element elementor-element-2b55516 elementor-widget elementor-widget-text-editor\" data-id=\"2b55516\" data-element_type=\"widget\" data-widget_type=\"text-editor.default\">\n\t\t\t\t<div class=\"elementor-widget-container\">\n\t\t\t\t\t\t\t\t\t<p dir=\"ltr\">Emmanuel &#8211; <strong>Tr\u00e9sorier<\/strong><\/p><p dir=\"ltr\">Garant de la bonne sant\u00e9 financi\u00e8re de l&rsquo;association, Emmanuel est un mod\u00e8le de r\u00e9silience. Il se lance des d\u00e9fis fous, qu&rsquo;il atteint quelque soit les conditions, \u00e0 la force du mental.<\/p>\t\t\t\t\t\t\t\t<\/div>\n\t\t\t\t<\/div>\n\t\t\t\t<div class=\"elementor-element elementor-element-9377b6b elementor-widget elementor-widget-image\" data-id=\"9377b6b\" data-element_type=\"widget\" data-widget_type=\"image.default\">\n\t\t\t\t<div class=\"elementor-widget-container\">\n\t\t\t\t\t\t\t\t\t\t\t\t\t\t\t<img decoding=\"async\" src=\"https:\/\/esprittrailvincennes.fr\/wp-content\/uploads\/elementor\/thumbs\/20241215-Entrainement-rjhu9neirnrx6ksvnbalbmtuvdlzm3nlllvrzdun2o.jpg\" title=\"20241215-Entrainement\" alt=\"20241215-Entrainement\" loading=\"lazy\" \/>\t\t\t\t\t\t\t\t\t\t\t\t\t\t\t<\/div>\n\t\t\t\t<\/div>\n\t\t\t\t<div class=\"elementor-element elementor-element-91d37f1 elementor-widget elementor-widget-text-editor\" data-id=\"91d37f1\" data-element_type=\"widget\" data-widget_type=\"text-editor.default\">\n\t\t\t\t<div class=\"elementor-widget-container\">\n\t\t\t\t\t\t\t\t\t<p dir=\"ltr\">Adrien &#8211;\u00a0<strong style=\"font-family: var( --e-global-typography-text-font-family ), Sans-serif; text-align: var(--text-align); font-size: 1rem;\">D\u00e9l\u00e9gu\u00e9<\/strong><\/p><p dir=\"ltr\">&#8230;<\/p>\t\t\t\t\t\t\t\t<\/div>\n\t\t\t\t<\/div>\n\t\t\t\t<div class=\"elementor-element elementor-element-3a78de0 elementor-widget elementor-widget-image\" data-id=\"3a78de0\" data-element_type=\"widget\" data-widget_type=\"image.default\">\n\t\t\t\t<div class=\"elementor-widget-container\">\n\t\t\t\t\t\t\t\t\t\t\t\t\t\t\t<img decoding=\"async\" src=\"https:\/\/esprittrailvincennes.fr\/wp-content\/uploads\/elementor\/thumbs\/2025-Groupe-rjhu7gg2tkru3bzkgd5xi6r4z0f5niy5ar2zo53plc.jpg\" title=\"2025-Groupe\" alt=\"2025-Groupe\" loading=\"lazy\" \/>\t\t\t\t\t\t\t\t\t\t\t\t\t\t\t<\/div>\n\t\t\t\t<\/div>\n\t\t\t\t<div class=\"elementor-element elementor-element-dfa0ed3 elementor-widget elementor-widget-text-editor\" data-id=\"dfa0ed3\" data-element_type=\"widget\" data-widget_type=\"text-editor.default\">\n\t\t\t\t<div class=\"elementor-widget-container\">\n\t\t\t\t\t\t\t\t\t<p dir=\"ltr\">Am\u00e9lie &#8211; <strong>D\u00e9l\u00e9gu\u00e9e<\/strong><\/p><p dir=\"ltr\">&#8230;<\/p>\t\t\t\t\t\t\t\t<\/div>\n\t\t\t\t<\/div>\n\t\t\t\t<div class=\"elementor-element elementor-element-65ec214 elementor-widget elementor-widget-image\" data-id=\"65ec214\" data-element_type=\"widget\" data-widget_type=\"image.default\">\n\t\t\t\t<div class=\"elementor-widget-container\">\n\t\t\t\t\t\t\t\t\t\t\t\t\t\t\t<img decoding=\"async\" src=\"https:\/\/esprittrailvincennes.fr\/wp-content\/uploads\/elementor\/thumbs\/IMG_9922-2-rjhu88n8ilufrmulvpcqkzmyskk62g23emnk2fxweo.jpeg\" title=\"IMG_9922 2\" alt=\"IMG_9922 2\" loading=\"lazy\" \/>\t\t\t\t\t\t\t\t\t\t\t\t\t\t\t<\/div>\n\t\t\t\t<\/div>\n\t\t\t\t<div class=\"elementor-element elementor-element-a343bfc elementor-widget elementor-widget-text-editor\" data-id=\"a343bfc\" data-element_type=\"widget\" data-widget_type=\"text-editor.default\">\n\t\t\t\t<div class=\"elementor-widget-container\">\n\t\t\t\t\t\t\t\t\t<p dir=\"ltr\">Aur\u00e9lien &#8211; <strong style=\"font-family: var( --e-global-typography-text-font-family ), Sans-serif; text-align: var(--text-align); font-size: 1rem;\">D\u00e9l\u00e9gu\u00e9<\/strong><\/p><p dir=\"ltr\">&#8230;<\/p>\t\t\t\t\t\t\t\t<\/div>\n\t\t\t\t<\/div>\n\t\t\t\t<div class=\"elementor-element elementor-element-255d097 elementor-widget elementor-widget-image\" data-id=\"255d097\" data-element_type=\"widget\" data-widget_type=\"image.default\">\n\t\t\t\t<div class=\"elementor-widget-container\">\n\t\t\t\t\t\t\t\t\t\t\t\t\t\t\t<img decoding=\"async\" src=\"https:\/\/esprittrailvincennes.fr\/wp-content\/uploads\/elementor\/thumbs\/IMG_0854-2-rjhu378dvky3iw64b0xqprf057ebsv1wdoqug1evrk.jpg\" title=\"IMG_0854 2\" alt=\"IMG_0854 2\" loading=\"lazy\" \/>\t\t\t\t\t\t\t\t\t\t\t\t\t\t\t<\/div>\n\t\t\t\t<\/div>\n\t\t\t\t<div class=\"elementor-element elementor-element-0165281 elementor-widget elementor-widget-text-editor\" data-id=\"0165281\" data-element_type=\"widget\" data-widget_type=\"text-editor.default\">\n\t\t\t\t<div class=\"elementor-widget-container\">\n\t\t\t\t\t\t\t\t\t<p dir=\"ltr\">Claire-Jeanne &#8211;\u00a0<strong style=\"font-family: var( --e-global-typography-text-font-family ), Sans-serif; text-align: var(--text-align); font-size: 1rem;\">D\u00e9l\u00e9gu\u00e9e<\/strong><\/p><p dir=\"ltr\">&#8230;<\/p>\t\t\t\t\t\t\t\t<\/div>\n\t\t\t\t<\/div>\n\t\t\t\t\t<\/div>\n\t\t\t\t<\/div>\n\t\t\t\t<\/div>\n\t\t","protected":false},"excerpt":{"rendered":"<p>Le Bureau Emmanuel &#8211; Pr\u00e9sident Pratiquant une dizaine de trail par an du 30km au 340km, vice-champion d&rsquo;IDF trail master, [&hellip;]<\/p>\n","protected":false},"author":1,"featured_media":0,"parent":0,"menu_order":0,"comment_status":"closed","ping_status":"closed","template":"","meta":{"site-sidebar-layout":"no-sidebar","site-content-layout":"","ast-site-content-layout":"full-width-container","site-content-style":"default","site-sidebar-style":"default","ast-global-header-display":"","ast-banner-title-visibility":"","ast-main-header-display":"","ast-hfb-above-header-display":"","ast-hfb-below-header-display":"","ast-hfb-mobile-header-display":"","site-post-title":"disabled","ast-breadcrumbs-content":"","ast-featured-img":"disabled","footer-sml-layout":"","theme-transparent-header-meta":"","adv-header-id-meta":"","stick-header-meta":"","header-above-stick-meta":"","header-main-stick-meta":"","header-below-stick-meta":"","astra-migrate-meta-layouts":"default","ast-page-background-enabled":"default","ast-page-background-meta":{"desktop":{"background-color":"var(--ast-global-color-5)","background-image":"","background-repeat":"repeat","background-position":"center center","background-size":"auto","background-attachment":"scroll","background-type":"","background-media":"","overlay-type":"","overlay-color":"","overlay-opacity":"","overlay-gradient":""},"tablet":{"background-color":"","background-image":"","background-repeat":"repeat","background-position":"center center","background-size":"auto","background-attachment":"scroll","background-type":"","background-media":"","overlay-type":"","overlay-color":"","overlay-opacity":"","overlay-gradient":""},"mobile":{"background-color":"","background-image":"","background-repeat":"repeat","background-position":"center center","background-size":"auto","background-attachment":"scroll","background-type":"","background-media":"","overlay-type":"","overlay-color":"","overlay-opacity":"","overlay-gradient":""}},"ast-content-background-meta":{"desktop":{"background-color":"var(--ast-global-color-4)","background-image":"","background-repeat":"repeat","background-position":"center center","background-size":"auto","background-attachment":"scroll","background-type":"","background-media":"","overlay-type":"","overlay-color":"","overlay-opacity":"","overlay-gradient":""},"tablet":{"background-color":"var(--ast-global-color-4)","background-image":"","background-repeat":"repeat","background-position":"center center","background-size":"auto","background-attachment":"scroll","background-type":"","background-media":"","overlay-type":"","overlay-color":"","overlay-opacity":"","overlay-gradient":""},"mobile":{"background-color":"var(--ast-global-color-4)","background-image":"","background-repeat":"repeat","background-position":"center center","background-size":"auto","background-attachment":"scroll","background-type":"","background-media":"","overlay-type":"","overlay-color":"","overlay-opacity":"","overlay-gradient":""}},"footnotes":""},"class_list":["post-8","page","type-page","status-publish","hentry"],"_links":{"self":[{"href":"https:\/\/esprittrailvincennes.fr\/index.php\/wp-json\/wp\/v2\/pages\/8","targetHints":{"allow":["GET"]}}],"collection":[{"href":"https:\/\/esprittrailvincennes.fr\/index.php\/wp-json\/wp\/v2\/pages"}],"about":[{"href":"https:\/\/esprittrailvincennes.fr\/index.php\/wp-json\/wp\/v2\/types\/page"}],"author":[{"embeddable":true,"href":"https:\/\/esprittrailvincennes.fr\/index.php\/wp-json\/wp\/v2\/users\/1"}],"replies":[{"embeddable":true,"href":"https:\/\/esprittrailvincennes.fr\/index.php\/wp-json\/wp\/v2\/comments?post=8"}],"version-history":[{"count":34,"href":"https:\/\/esprittrailvincennes.fr\/index.php\/wp-json\/wp\/v2\/pages\/8\/revisions"}],"predecessor-version":[{"id":317,"href":"https:\/\/esprittrailvincennes.fr\/index.php\/wp-json\/wp\/v2\/pages\/8\/revisions\/317"}],"wp:attachment":[{"href":"https:\/\/esprittrailvincennes.fr\/index.php\/wp-json\/wp\/v2\/media?parent=8"}],"curies":[{"name":"wp","href":"https:\/\/api.w.org\/{rel}","templated":true}]}}