{"id":10,"date":"2025-05-25T20:16:19","date_gmt":"2025-05-25T18:16:19","guid":{"rendered":"http:\/\/esprittrailvincennes.fr\/?page_id=10"},"modified":"2026-01-24T19:08:29","modified_gmt":"2026-01-24T18:08:29","slug":"inscriptions","status":"publish","type":"page","link":"https:\/\/esprittrailvincennes.fr\/index.php\/inscriptions\/","title":{"rendered":"Inscriptions"},"content":{"rendered":"\t\t<div data-elementor-type=\"wp-page\" data-elementor-id=\"10\" class=\"elementor elementor-10\">\n\t\t\t\t<div class=\"elementor-element elementor-element-b774c3b e-flex e-con-boxed e-con e-parent\" data-id=\"b774c3b\" data-element_type=\"container\">\n\t\t\t\t\t<div class=\"e-con-inner\">\n\t\t\t\t<div class=\"elementor-element elementor-element-72b79f8 elementor-widget__width-initial elementor-widget elementor-widget-text-editor\" data-id=\"72b79f8\" data-element_type=\"widget\" data-widget_type=\"text-editor.default\">\n\t\t\t\t<div class=\"elementor-widget-container\">\n\t\t\t\t\t\t\t\t\t<p><strong style=\"font-style: inherit;\">Inscriptions<\/strong><\/p>\t\t\t\t\t\t\t\t<\/div>\n\t\t\t\t<\/div>\n\t\t\t\t\t<\/div>\n\t\t\t\t<\/div>\n\t\t<div class=\"elementor-element elementor-element-263626b e-grid e-con-boxed e-con e-parent\" data-id=\"263626b\" data-element_type=\"container\">\n\t\t\t\t\t<div class=\"e-con-inner\">\n\t\t\t\t<div class=\"elementor-element elementor-element-93e0c55 elementor-widget elementor-widget-text-editor\" data-id=\"93e0c55\" data-element_type=\"widget\" data-widget_type=\"text-editor.default\">\n\t\t\t\t<div class=\"elementor-widget-container\">\n\t\t\t\t\t\t\t\t\t<p dir=\"ltr\"><strong style=\"font-style: inherit;\"><span style=\"text-decoration-line: underline; color: #ff0000;\">Passionn\u00e9s de trail, n\u2019h\u00e9sitez plus !&nbsp;<\/span><\/strong><\/p>\n<p><b>Esprit Trail Vincennes vous propose un e<\/b><span style=\"font-style: inherit;\"><b>ntra\u00eenement le dimanche matin et sortie le mercredi soir.&nbsp;<\/b><\/span><\/p>\n<p><b>Des sorties en IDF et partage des courses de chacun&nbsp;<\/b><b style=\"font-style: inherit;\">pour s\u2019organiser \u00e0 plusieurs et s\u2019encourager.<\/b><\/p>\n<p><b>Une formule unique : <\/b><strong>110 \u20ac l\u2019ann\u00e9e (60\u20ac \u00e0 la mi-saison).&nbsp;<\/strong><em>Licence FFA \u00e0 80 \u20ac et maillot club \u00e0 50\u20ac.<br><\/em><\/p>\n<p><a href=\"https:\/\/www.helloasso.com\/associations\/esprit-trail-vincennes\">Lien d&rsquo;inscription<\/a><\/p>\t\t\t\t\t\t\t\t<\/div>\n\t\t\t\t<\/div>\n\t\t\t\t<div class=\"elementor-element elementor-element-b49d8ea elementor-widget elementor-widget-text-editor\" data-id=\"b49d8ea\" data-element_type=\"widget\" data-widget_type=\"text-editor.default\">\n\t\t\t\t<div class=\"elementor-widget-container\">\n\t\t\t\t\t\t\t\t\t<p style=\"font-size: 14px; font-style: normal; font-weight: 400; margin-bottom: 0px; font-family: Arial, sans-serif; text-align: justify;\"><span style=\"letter-spacing: 0.1px; text-decoration-line: underline;\">Nous contacter<\/span><\/p><p style=\"font-size: 14px; font-style: normal; font-weight: 400; margin-bottom: 0px; font-family: Arial, sans-serif; text-align: justify;\"><strong><a href=\"mailto:contact@esprittrailvincennes.fr\">contact@esprittrailvincennes.fr<\/a><\/strong><\/p><p style=\"font-size: 14px; font-style: normal; font-weight: 400; margin-bottom: 0px; font-family: Arial, sans-serif; text-align: justify;\"><strong>\u00a0<\/strong><\/p><p style=\"font-size: 14px; font-style: normal; font-weight: 400; margin-bottom: 0px; font-family: Arial, sans-serif; text-align: justify;\"><strong>Esprit Trail Vincennes<\/strong><br \/>Maison des Associations<\/p><p style=\"font-size: 14px; font-style: normal; font-weight: 400; margin-bottom: 0px; font-family: Arial, sans-serif; text-align: justify;\">BP 123 &#8211; 94304 Vincennes cedex<\/p>\t\t\t\t\t\t\t\t<\/div>\n\t\t\t\t<\/div>\n\t\t\t\t\t<\/div>\n\t\t\t\t<\/div>\n\t\t<div class=\"elementor-element elementor-element-ca4d3f2 e-flex e-con-boxed e-con e-parent\" data-id=\"ca4d3f2\" data-element_type=\"container\">\n\t\t\t\t\t<div class=\"e-con-inner\">\n\t\t\t\t<div class=\"elementor-element elementor-element-b45a71c elementor-widget elementor-widget-text-editor\" data-id=\"b45a71c\" data-element_type=\"widget\" data-widget_type=\"text-editor.default\">\n\t\t\t\t<div class=\"elementor-widget-container\">\n\t\t\t\t\t\t\t\t\t<p dir=\"ltr\">\u00a0<\/p><p dir=\"ltr\" style=\"font-size: 14px; font-style: normal; font-weight: 400; margin-bottom: 0px; font-family: Arial, sans-serif; text-align: justify;\"><span style=\"color: #000000;\">Esprit Trail Vincennes est ouverte aux adultes de tous niveaux qui souhaitent pratiquer la course \u00e0 pied en nature au sein d\u2019un collectif soud\u00e9.<\/span><\/p><p dir=\"ltr\" style=\"font-size: 14px; font-style: normal; font-weight: 400; margin-bottom: 0px; font-family: Arial, sans-serif; text-align: justify;\"><span style=\"color: #000000;\">ETV rassemble les passionn\u00e9s de trail autour du bois de Vincennes.<\/span><\/p><p dir=\"ltr\" style=\"font-size: 14px; font-style: normal; font-weight: 400; margin-bottom: 0px; font-family: Arial, sans-serif; text-align: justify;\"><span style=\"color: #000000;\">Notre devise : \u00ab\u00a0<em>L&rsquo;amour de la nature, la solidarit\u00e9 entre les pratiquants et l&rsquo;\u00e9galit\u00e9 face \u00e0 l&rsquo;effort<\/em>\u00ab\u00a0.<\/span><\/p><p dir=\"ltr\" style=\"font-size: 14px; font-style: normal; font-weight: 400; margin-bottom: 0px; font-family: Arial, sans-serif; text-align: justify;\"><span style=\"color: #000000;\">Nous nous retrouvons dans le bois de Vincennes tous les mercredi soir et dimanche matin.\u00a0<\/span><\/p><p dir=\"ltr\" style=\"font-size: 14px; font-style: normal; font-weight: 400; margin-bottom: 0px; font-family: Arial, sans-serif; text-align: justify;\"><span style=\"color: #000000;\">Nous organisons des sorties r\u00e9guli\u00e8re dans les for\u00eats franciliennes et des d\u00e9placements sur des courses en France.<\/span><\/p><p dir=\"ltr\" style=\"font-size: 14px; font-style: normal; font-weight: 400; margin-bottom: 0px; font-family: Arial, sans-serif; text-align: justify;\"><span style=\"color: #000000;\">Plusieurs projets \u00e0 l&rsquo;initiative des membres pour cette nouvelle saison (stage, rencontre de figures embl\u00e9matiques, conseils nutrition, nouveaux partenariats privil\u00e9gi\u00e9s sur des produits et \u00e9quipements, &#8230;).<\/span><\/p>\t\t\t\t\t\t\t\t<\/div>\n\t\t\t\t<\/div>\n\t\t\t\t\t<\/div>\n\t\t\t\t<\/div>\n\t\t\t\t<\/div>\n\t\t","protected":false},"excerpt":{"rendered":"<p>Inscriptions Passionn\u00e9s de trail, n\u2019h\u00e9sitez plus !&nbsp; Esprit Trail Vincennes vous propose un entra\u00eenement le dimanche matin et sortie le [&hellip;]<\/p>\n","protected":false},"author":1,"featured_media":0,"parent":0,"menu_order":0,"comment_status":"closed","ping_status":"closed","template":"","meta":{"site-sidebar-layout":"no-sidebar","site-content-layout":"","ast-site-content-layout":"full-width-container","site-content-style":"default","site-sidebar-style":"default","ast-global-header-display":"","ast-banner-title-visibility":"","ast-main-header-display":"","ast-hfb-above-header-display":"","ast-hfb-below-header-display":"","ast-hfb-mobile-header-display":"","site-post-title":"disabled","ast-breadcrumbs-content":"","ast-featured-img":"disabled","footer-sml-layout":"","theme-transparent-header-meta":"","adv-header-id-meta":"","stick-header-meta":"","header-above-stick-meta":"","header-main-stick-meta":"","header-below-stick-meta":"","astra-migrate-meta-layouts":"default","ast-page-background-enabled":"default","ast-page-background-meta":{"desktop":{"background-color":"var(--ast-global-color-5)","background-image":"","background-repeat":"repeat","background-position":"center center","background-size":"auto","background-attachment":"scroll","background-type":"","background-media":"","overlay-type":"","overlay-color":"","overlay-opacity":"","overlay-gradient":""},"tablet":{"background-color":"","background-image":"","background-repeat":"repeat","background-position":"center center","background-size":"auto","background-attachment":"scroll","background-type":"","background-media":"","overlay-type":"","overlay-color":"","overlay-opacity":"","overlay-gradient":""},"mobile":{"background-color":"","background-image":"","background-repeat":"repeat","background-position":"center center","background-size":"auto","background-attachment":"scroll","background-type":"","background-media":"","overlay-type":"","overlay-color":"","overlay-opacity":"","overlay-gradient":""}},"ast-content-background-meta":{"desktop":{"background-color":"var(--ast-global-color-4)","background-image":"","background-repeat":"repeat","background-position":"center center","background-size":"auto","background-attachment":"scroll","background-type":"","background-media":"","overlay-type":"","overlay-color":"","overlay-opacity":"","overlay-gradient":""},"tablet":{"background-color":"var(--ast-global-color-4)","background-image":"","background-repeat":"repeat","background-position":"center center","background-size":"auto","background-attachment":"scroll","background-type":"","background-media":"","overlay-type":"","overlay-color":"","overlay-opacity":"","overlay-gradient":""},"mobile":{"background-color":"var(--ast-global-color-4)","background-image":"","background-repeat":"repeat","background-position":"center center","background-size":"auto","background-attachment":"scroll","background-type":"","background-media":"","overlay-type":"","overlay-color":"","overlay-opacity":"","overlay-gradient":""}},"footnotes":""},"class_list":["post-10","page","type-page","status-publish","hentry"],"_links":{"self":[{"href":"https:\/\/esprittrailvincennes.fr\/index.php\/wp-json\/wp\/v2\/pages\/10","targetHints":{"allow":["GET"]}}],"collection":[{"href":"https:\/\/esprittrailvincennes.fr\/index.php\/wp-json\/wp\/v2\/pages"}],"about":[{"href":"https:\/\/esprittrailvincennes.fr\/index.php\/wp-json\/wp\/v2\/types\/page"}],"author":[{"embeddable":true,"href":"https:\/\/esprittrailvincennes.fr\/index.php\/wp-json\/wp\/v2\/users\/1"}],"replies":[{"embeddable":true,"href":"https:\/\/esprittrailvincennes.fr\/index.php\/wp-json\/wp\/v2\/comments?post=10"}],"version-history":[{"count":67,"href":"https:\/\/esprittrailvincennes.fr\/index.php\/wp-json\/wp\/v2\/pages\/10\/revisions"}],"predecessor-version":[{"id":300,"href":"https:\/\/esprittrailvincennes.fr\/index.php\/wp-json\/wp\/v2\/pages\/10\/revisions\/300"}],"wp:attachment":[{"href":"https:\/\/esprittrailvincennes.fr\/index.php\/wp-json\/wp\/v2\/media?parent=10"}],"curies":[{"name":"wp","href":"https:\/\/api.w.org\/{rel}","templated":true}]}}